3 composite?
False
Is 148169141 composite?
True
Is 385291217 composite?
False
Is 724901 composite?
False
Is 21695099 a prime number?
True
Is 1051709 composite?
False
Is 15896809 a prime number?
False
Is 19436113 a composite number?
True
Is 2238473 composite?
False
Is 118050019 a prime number?
False
Is 68973185 a prime number?
False
Is 51875261 a prime number?
False
Is 402632213 composite?
False
Is 44954783 composite?
True
Is 6197131 a prime number?
False
Is 6428257 composite?
True
Is 985631 composite?
False
Is 429899677 a composite number?
False
Is 416441 a prime number?
True
Is 294301 composite?
True
Is 3672497 a composite number?
True
Is 119586491 composite?
True
Is 15753133 a prime number?
False
Is 68646217 a prime number?
True
Is 127876411 composite?
True
Is 5847397 composite?
False
Is 358691 prime?
True
Is 57774263 a composite number?
False
Is 10180939 a composite number?
False
Is 610009581 prime?
False
Is 104243 composite?
False
Is 1605677 prime?
True
Is 438835 a composite number?
True
Is 11652549 a composite number?
True
Is 18031919 prime?
True
Is 1704701 a composite number?
True
Is 20069507 composite?
False
Is 747779 a composite number?
True
Is 9856445 a composite number?
True
Is 42715711 a prime number?
False
Is 9576221 a prime number?
False
Is 9367939 a prime number?
False
Is 38530433 a prime number?
False
Is 18970091 a composite number?
True
Is 67683799 a composite number?
True
Is 35502139 composite?
False
Is 35677127 a prime number?
False
Is 5778721 composite?
True
Is 525769 composite?
False
Is 9727301 a composite number?
True
Is 50007173 composite?
True
Is 3112609 prime?
True
Is 6259039 composite?
False
Is 89099783 composite?
True
Is 121166039 a composite number?
False
Is 11058127 a prime number?
True
Is 69761 a prime number?
True
Is 78097207 composite?
False
Is 2656093 prime?
False
Is 26114807 composite?
False
Is 268511687 a prime number?
False
Is 13274119 prime?
False
Is 15843679 a prime number?
True
Is 18037337 a composite number?
True
Is 2365751 a prime number?
True
Is 1033867 prime?
True
Is 32854057 prime?
True
Is 57895327 prime?
False
Is 3967027 composite?
False
Is 21315347 prime?
False
Is 5776429 a prime number?
True
Is 611935 composite?
True
Is 1830847 a prime number?
False
Is 1830029 composite?
False
Is 236107 a composite number?
False
Is 1178729 prime?
False
Is 334015207 prime?
False
Is 283201 composite?
True
Is 288988139 a composite number?
True
Is 81385543 prime?
True
Is 148117091 prime?
True
Is 147918149 a prime number?
False
Is 1238449 prime?
True
Is 1911269 composite?
False
Is 4476397 composite?
False
Is 51041369 a composite number?
False
Is 684153917 prime?
True
Is 71429587 composite?
False
Is 101962387 a prime number?
False
Is 45691231 composite?
False
Is 69545437 a composite number?
True
Is 22286369 a composite number?
True
Is 30361547 composite?
True
Is 2053913 prime?
False
Is 3486169 prime?
True
Is 14015423 a prime number?
True
Is 840363229 a prime number?
True
Is 11363722 prime?
False
Is 6313031 prime?
True
Is 168349273 prime?
False
Is 7519879 a prime number?
False
Is 52039007 prime?
True
Is 223855639 prime?
False
Is 52390147 a prime number?
True
Is 50604097 a prime number?
False
Is 47159747 a prime number?
True
Is 713737 a prime number?
True
Is 9036451 a composite number?
True
Is 112068263 a prime number?
True
Is 164690297 composite?
True
Is 415640003 prime?
True
Is 119587199 composite?
False
Is 56449903 a prime number?
True
Is 17303269 a prime number?
False
Is 4877557 composite?
False
Is 11846515 a prime number?
False
Is 17811047 a prime number?
False
Is 1379857 composite?
False
Is 16039757 prime?
True
Is 8937573 a prime number?
False
Is 3742319 a composite number?
True
Is 16401911 a prime number?
True
Is 4635485 a prime number?
False
Is 10979627 prime?
True
Is 25147769 prime?
True
Is 44502431 a prime number?
True
Is 124022993 a composite number?
True
Is 51602781 prime?
False
Is 147253 a composite number?
False
Is 1341433 a prime number?
True
Is 24737279 composite?
True
Is 7632343 a composite number?
True
Is 21631529 a composite number?
True
Is 5511461 composite?
False
Is 2811857 prime?
False
Is 7301863 composite?
True
Is 43411091 a prime number?
True
Is 4509041 composite?
True
Is 444268499 a composite number?
False
Is 544651 a prime number?
True
Is 66002879 a composite number?
True
Is 14038501 a composite number?
False
Is 322919447 a composite number?
True
Is 134649169 prime?
False
Is 109203167 composite?
False
Is 191159489 a prime number?
True
Is 1520635 composite?
True
Is 12083507 a prime number?
False
Is 2067499 composite?
True
Is 697663 composite?
True
Is 102931847 composite?
False
Is 1090373 composite?
False
Is 4158911 prime?
False
Is 3762571 composite?
True
Is 86763601 prime?
True
Is 11665799 a composite number?
True
Is 349031 a prime number?
False
Is 41764499 a prime number?
False
Is 3039277 a prime number?
False
Is 79835953 prime?
True
Is 152128547 composite?
False
Is 39506321 a composite number?
False
Is 264413287 a prime number?
False
Is 160343 prime?
True
Is 276866 prime?
False
Is 16989613 a prime number?
False
Is 4466837 a prime number?
True
Is 1466243 a prime number?
True
Is 21518659 a composite number?
True
Is 8896927 a prime number?
False
Is 1159019 a prime number?
False
Is 42599341 a composite number?
True
Is 3703717 a prime number?
False
Is 313907 a prime number?
False
Is 1987301 a composite number?
True
Is 3472013 a prime number?
True
Is 692567 a prime number?
True
Is 260987347 composite?
False
Is 145739509 composite?
True
Is 104127377 composite?
False
Is 3962437 a prime number?
True
Is 20526607 composite?
False
Is 51378389 a prime number?
False
Is 519161333 a prime number?
True
Is 13071133 a composite number?
True
Is 16068607 a composite number?
True
Is 210555879 prime?
False
Is 274459 composite?
True
Is 502623061 a prime number?
False
Is 2089531 a prime number?
False
Is 15335783 prime?
False
Is 300181829 prime?
True
Is 288907271 prime?
True
Is 3427211 a prime number?
True
Is 149062413 a prime number?
False
Is 623902 prime?
False
Is 32011451 a composite number?
True
Is 574463 a composite number?
True
Is 110003161 a composite number?
False
Is 1957766 prime?
False
Is 876089 prime?
False
Is 265381 prime?
True
Is 16489939 a composite number?
True
Is 44067619 a prime number?
False
Is 1959679 a prime number?
False
Is 352296143 a composite number?
True
Is 20790761 prime?
True
Is 32071459 a composite number?
True
Is 380046523 a composite number?
False
Is 273341507 composite?
False
Is 5055191 composite?
False
Is 11705791 a prime number?
False
Is 6891211 composite?
False
Is 723791 a composite number?
False
Is 84887237 a composite number?
True
Is 13473547 a composite number?
True
Is 37183889 composite?
False
Is 120287173 a composite number?
True
Is 588448199 a prime number?
True
Is 75852619 prime?
False
Is 14947601 composite?
False
Is 2439527 prime?
True
Is 48040619 prime?
False
Is 158322793 composite?
True
Is 53825041 composite?
False
Is 138331079 a composite number?
False
Is 567773 a prime number?
False
Is 45008947 composite?
False
Is 7393453 prime?
False
Is 122179363 composite?
True
Is 8685653 prime?
True
Is 18464307 a composite number?
True
Is 4658843 a prime number?
False
Is 15872737 prime?
False
Is 24956131 prime?
True
Is 1286261 a prime number?
True
Is 182601833 a composite number?
True
Is 6057973 a composite number?
True
Is 16195069 prime?
False
Is 1556263 prime?
True
Is 1660289 a composite number?
False
Is 651089 a composite number?
True
Is 5306737 prime?
False
Is 2469965 a composite number?
True
Is 26622367 composite?
True
Is 2476273 composite?
False
Is 142242169 prime?
True
Is 281879089 composite?
False
Is 15759833 a composite number?
True
Is 2333803 composite?
True
Is 89839969 prime?
True
Is 11404681 composite?
True
Is 6654229 a prime number?
True
Is 145612391 a prime number?
True
Is 4005733 a prime number?
True
Is 7518961 a prime number?
True
Is 3229339 composite?
True
Is 33869293 a composite number?
False
Is 568471 prime?
True
Is 170924471 prime?
True
Is 6848881 a composite number?
True
Is 181128721 prime?
False
Is 248693839 a composite number?
True
Is 4062431 a composite number?
False
Is 28057589 composite?
True
Is 625585099 a prime number?
True
Is 3216991 a prime number?
True
Is